185 prime?
False
Is 123760621 prime?
True
Is 7544446381 composite?
False
Is 178345747 a composite number?
False
Is 19678378693 prime?
True
Is 641788073 a prime number?
False
Is 196347269 composite?
True
Is 12619756693 a composite number?
True
Is 76569143101 prime?
False
Is 985321067 a composite number?
False
Is 37308835267 a composite number?
True
Is 95823653 a prime number?
False
Is 666456113 prime?
True
Is 333889247 a composite number?
False
Is 1997350477 prime?
False
Is 81990455 composite?
True
Is 7912369529 a composite number?
False
Is 422056511 a composite number?
False
Is 457132541 a prime number?
False
Is 255667771 prime?
True
Is 9114521519 a composite number?
False
Is 121178335 composite?
True
Is 54257094803 a prime number?
False
Is 25584927 a prime number?
False
Is 14169420053 a composite number?
False
Is 21339111173 composite?
False
Is 2540011351 a prime number?
False
Is 426616886 prime?
False
Is 210634927 a prime number?
False
Is 1620894907 prime?
True
Is 1891780153 a composite number?
True
Is 5130638207 composite?
False
Is 17590481659 composite?
False
Is 2205324991 prime?
True
Is 162127883 a composite number?
False
Is 376732947 prime?
False
Is 809655859 a prime number?
True
Is 1360089821 prime?
False
Is 24382423159 a prime number?
True
Is 41443328201 composite?
True
Is 39121707749 prime?
False
Is 2269620089 a prime number?
False
Is 58166653297 composite?
True
Is 920004853 a composite number?
True
Is 1297403491 a prime number?
False
Is 2667706787 a composite number?
False
Is 90511567507 a composite number?
True
Is 1718105429 composite?
True
Is 514549589 prime?
False
Is 1611910351 a composite number?
False
Is 7595568893 prime?
False
Is 2579809579 a composite number?
True
Is 23309733407 a prime number?
False
Is 13025158583 prime?
False
Is 65142709 composite?
True
Is 2729121853 composite?
True
Is 2975738249 a prime number?
False
Is 865498661 composite?
False
Is 1826501 composite?
False
Is 734573513 a composite number?
True
Is 4474735433 a composite number?
True
Is 201921101 a prime number?
False
Is 2679700691 a prime number?
False
Is 2439830369 a composite number?
False
Is 34881086129 prime?
False
Is 115426032277 prime?
False
Is 841210562 prime?
False
Is 25352759018 prime?
False
Is 2974079681 prime?
False
Is 6116732911 a composite number?
False
Is 382866331 a composite number?
False
Is 988907729 composite?
False
Is 155314103 a composite number?
True
Is 325406579 a composite number?
True
Is 2747610623 a prime number?
True
Is 4585243277 composite?
True
Is 127387922591 composite?
True
Is 2399617547 prime?
True
Is 822991759 composite?
True
Is 16304126171 composite?
True
Is 1055860978 composite?
True
Is 17558599633 a composite number?
True
Is 912441557 prime?
False
Is 522599599 a composite number?
True
Is 569649239 a composite number?
False
Is 5449451999 a prime number?
True
Is 1060532923 a composite number?
False
Is 15592430141 composite?
True
Is 66655319 prime?
True
Is 9037937291 composite?
False
Is 12499541867 a prime number?
True
Is 1133577881 prime?
False
Is 6043523009 a composite number?
True
Is 41911403 a prime number?
True
Is 845361832565 composite?
True
Is 556231393 composite?
False
Is 19205906981 composite?
True
Is 6292184689 a prime number?
False
Is 139616297 a composite number?
True
Is 17017367 composite?
False
Is 370638341 composite?
False
Is 105744127 composite?
True
Is 3699268813 a composite number?
False
Is 48692088961 a composite number?
False
Is 12657395603 prime?
True
Is 31162244081 a prime number?
False
Is 1302310013 prime?
True
Is 153331453 a prime number?
False
Is 143624137 a composite number?
False
Is 19413506807 prime?
True
Is 1496334391 composite?
True
Is 37891099 a prime number?
False
Is 28688079457 a prime number?
True
Is 4623934699 prime?
True
Is 1695425467 a composite number?
True
Is 5157696919 prime?
True
Is 6596005607 composite?
False
Is 4694759327 a composite number?
True
Is 4641597361 prime?
True
Is 36057281957 a composite number?
False
Is 714415271 composite?
False
Is 3641163557 prime?
False
Is 21271598791 a composite number?
True
Is 3166599607 prime?
True
Is 1423868143 a composite number?
False
Is 631182691 prime?
False
Is 12592520671 prime?
True
Is 47096394607 composite?
True
Is 11535126217 composite?
True
Is 1850563301 a prime number?
True
Is 3851041471 a composite number?
False
Is 63603281153 composite?
True
Is 50327397823 composite?
False
Is 42317383 composite?
False
Is 4161119173 a composite number?
False
Is 15413950271 composite?
False
Is 210075421 a prime number?
False
Is 7259751559 a composite number?
False
Is 133497569 a prime number?
False
Is 517595657 a prime number?
False
Is 22277424473 prime?
True
Is 369415679 a prime number?
True
Is 771723989 a prime number?
False
Is 1061120609 a composite number?
True
Is 2202143531 a prime number?
False
Is 19155006457 a composite number?
False
Is 15725857139 a prime number?
False
Is 781361023 a prime number?
False
Is 7230472897 composite?
False
Is 211259592439 prime?
False
Is 28032050461 composite?
True
Is 242740115489 a prime number?
False
Is 1013103641 a prime number?
False
Is 2149704007 a composite number?
True
Is 5163311939 composite?
False
Is 53095279751 a prime number?
True
Is 10504170917 a composite number?
False
Is 281039333 composite?
True
Is 2530401157 composite?
True
Is 1497743297 composite?
True
Is 1365452591 composite?
True
Is 11984199739 a prime number?
True
Is 887869283 a composite number?
True
Is 1214092637 prime?
True
Is 729165901 a prime number?
True
Is 634707307 prime?
False
Is 1312373707 a composite number?
False
Is 6394361081 prime?
True
Is 857319811 prime?
False
Is 928447687 composite?
False
Is 1002519853 a prime number?
False
Is 1032497405 composite?
True
Is 1049321723 a prime number?
True
Is 191820037 a prime number?
True
Is 95139463559 prime?
False
Is 27620608151 prime?
False
Is 15251788621 a composite number?
True
Is 7380946849 a prime number?
False
Is 24548483989 a composite number?
True
Is 38502547 prime?
True
Is 66880691 a composite number?
False
Is 2555663051 composite?
True
Is 1940136979 a prime number?
False
Is 3453995821 a prime number?
True
Is 2320372129 prime?
False
Is 367286641 prime?
True
Is 653292433 a prime number?
False
Is 69951878593 composite?
True
Is 162075373 composite?
True
Is 20177201647 a composite number?
False
Is 653810431 composite?
False
Is 129328699 a composite number?
False
Is 36286559963 a composite number?
False
Is 1787871767 prime?
False
Is 426066457 a prime number?
False
Is 3465130271 prime?
True
Is 12255340843 a prime number?
True
Is 79518281819 a prime number?
True
Is 22767232981 composite?
False
Is 78581105549 prime?
False
Is 2872982491 prime?
False
Is 6969505799 a prime number?
True
Is 164308649 prime?
False
Is 1801543717 a prime number?
True
Is 571045039 composite?
False
Is 544911069 a composite number?
True
Is 43987345799 prime?
True
Is 11292138743 a prime number?
False
Is 1394470767 a composite number?
True
Is 653565859 composite?
False
Is 37808793535 a prime number?
False
Is 660693291 a prime number?
False
Is 1231510373 a composite number?
True
Is 35610967961 a prime number?
True
Is 1109989403 composite?
False
Is 667903331 prime?
True
Is 144403176965 a prime number?
False
Is 17279233841 a prime number?
False
Is 3869355017 composite?
True
Is 7982304367 composite?
False
Is 6646571911 prime?
False
Is 215888567 a composite number?
True
Is 807543497 composite?
True
Is 358431721 composite?
False
Is 292965819359 a prime number?
True
Is 6287857243 composite?
False
Is 4056145051 composite?
True
Is 1550169223 a prime number?
False
Is 631561069 prime?
False
Is 3686268953 composite?
True
Is 8359652123 composite?
False
Is 622594909 composite?
False
Is 69377798429 a prime number?
True
Is 59721481 composite?
False
Is 131751139477 prime?
True
Is 365807749499 a composite number?
False
Is 18235939783 composite?
False
Is 855595337 a prime number?
True
Is 124453559 a composite number?
False
Is 199820029 a prime number?
True
Is 23185194119 a composite number?
False
Is 25444759255 composite?
True
Is 8441646023 a prime number?
False
Is 287754521 a composite number?
False
Is 147873426553 composite?
True
Is 2416757999 composite?
False
Is 5388920137 a prime number?
False
Is 20479468973 a composite number?
True
Is 3